tor of 208390 and 28625?
1145
Calculate the greatest common factor of 791 and 2501933.
791
Calculate the highest common factor of 696 and 2378.
58
What is the highest common factor of 5310 and 45?
45
What is the greatest common divisor of 781725 and 1575?
525
Calculate the greatest common divisor of 15915 and 135.
15
What is the greatest common divisor of 127922 and 32938?
766
What is the greatest common factor of 10630 and 280?
10
Calculate the greatest common divisor of 260766 and 11.
11
Calculate the greatest common factor of 810 and 89505.
405
Calculate the greatest common factor of 1907498 and 596.
298
Calculate the highest common factor of 14072 and 2216.
8
What is the highest common factor of 5808 and 272250?
726
Calculate the greatest common factor of 129879 and 27.
9
Calculate the greatest common divisor of 622044 and 234.
18
What is the greatest common divisor of 412628 and 688?
172
What is the highest common divisor of 342741 and 12768?
399
What is the highest common factor of 253 and 126293?
23
What is the highest common divisor of 6232 and 82232?
152
What is the greatest common factor of 3020 and 76708?
604
What is the highest common divisor of 1860 and 360?
60
What is the highest common factor of 405764 and 2166?
722
What is the highest common factor of 236348 and 161?
161
Calculate the highest common divisor of 57 and 4458.
3
Calculate the highest common divisor of 249 and 504557.
83
Calculate the greatest common factor of 173 and 86846.
173
Calculate the highest common divisor of 79395 and 201.
201
Calculate the highest common factor of 98 and 31703.
49
What is the highest common divisor of 232 and 58116?
116
Calculate the highest common factor of 6002184 and 12.
12
What is the highest common factor of 28 and 1264578?
14
What is the highest common factor of 1494 and 32702?
166
What is the greatest common divisor of 69861 and 7569?
87
Calculate the greatest common factor of 1260 and 2332008.
252
What is the greatest common factor of 37671 and 1827?
87
Calculate the greatest common factor of 1350 and 3350.
50
Calculate the highest common factor of 6650 and 10850.
350
Calculate the greatest common divisor of 117 and 33475.
13
Calculate the greatest common divisor of 122505 and 90.
15
Calculate the highest common factor of 386624 and 896.
448
What is the highest common factor of 46656 and 128?
64
What is the greatest common factor of 7 and 37009?
7
What is the greatest common factor of 21049 and 434?
217
Calculate the highest common factor of 56 and 248654.
14
Calculate the greatest common divisor of 404 and 36562.
202
Calculate the greatest common factor of 38875 and 375.
125
Calculate the highest common divisor of 626255 and 105.
35
What is the greatest common divisor of 2356 and 108?
4
Calculate the highest common factor of 212 and 145856.
212
Calculate the greatest common factor of 3616 and 48.
16
What is the greatest common factor of 30228 and 222?
6
What is the greatest common divisor of 105885 and 369?
9
What is the greatest common factor of 3286 and 22?
2
Calculate the highest common factor of 19952 and 55728.
688
Calculate the highest common factor of 1480980 and 600.
60
What is the highest common divisor of 104 and 11258?
26
Calculate the highest common divisor of 110 and 1562.
22
What is the greatest common factor of 442 and 56316?
26
Calculate the highest common divisor of 126 and 4518.
18
What is the greatest common factor of 66 and 414766?
22
Calculate the greatest common divisor of 180 and 445860.
180
What is the highest common factor of 1240 and 137330?
310
What is the greatest common divisor of 325 and 9500?
25
Calculate the greatest common factor of 40 and 200840.
40
Calculate the highest common divisor of 72 and 2349.
9
Calculate the greatest common factor of 2412654 and 138.
138
Calculate the highest common factor of 460620 and 60.
60
Calculate the highest common factor of 16694 and 66285.
491
Calculate the greatest common factor of 668 and 881259.
167
What is the greatest common factor of 1650 and 21010?
110
Calculate the greatest common divisor of 13833 and 21.
3
Calculate the highest common factor of 75 and 4025.
25
Calculate the highest common divisor of 250 and 2125.
125
Calculate the highest common divisor of 1020 and 19176.
204
What is the greatest common factor of 180 and 124110?
90
Calculate the greatest common factor of 1505 and 7783.
43
What is the greatest common factor of 115 and 942379?
23
Calculate the greatest common divisor of 69180 and 4455.
15
What is the highest common divisor of 341043 and 18723?
237
Calculate the greatest common factor of 57307 and 391.
17
What is the greatest common factor of 5920 and 40145?
185
Calculate the highest common factor of 11180 and 11635.
65
Calculate the greatest common factor of 15933126 and 73.
73
What is the greatest common factor of 80 and 262545?
5
What is the highest common factor of 208 and 326224?
16
What is the highest common factor of 9492 and 483414?
678
Calculate the greatest common divisor of 116 and 15138.
58
Calculate the greatest common divisor of 60 and 2064390.
30
What is the greatest common factor of 2558 and 1114?
2
What is the greatest common divisor of 4350 and 383235?
435
What is the highest common factor of 20927 and 221?
17
Calculate the highest common factor of 175 and 89565.
35
Calculate the greatest common divisor of 11917444 and 308.
308
What is the highest common divisor of 48 and 983040?
48
What is the highest common divisor of 6245 and 10?
5
Calculate the greatest common factor of 17071 and 15483.
397
What is the greatest common factor of 51 and 828359?
17
What is the highest common divisor of 7519168 and 3264?
1088
What is the greatest common divisor of 90 and 16090?
10
Calculate the highest common divisor of 3664 and 32.
16
Calculate the highest common factor of 4833 and 23091.
537
Calculate the greatest common divisor of 30192 and 1360.
272
What is the highest common divisor of 12 and 20?
4
Calculate the greatest common divisor of 10313020 and 20.
20
Calculate the highest common divisor of 7768 and 8.
8
What is the highest common factor of 4596 and 120?
12
What is the greatest common divisor of 154473 and 12617?
341
Calculate the greatest common factor of 10539 and 44498.
1171
Calculate the greatest common factor of 84 and 282198.
42
What is the highest common divisor of 603575 and 25?
25
Calculate the greatest common divisor of 2448 and 77928.
408
What is the greatest common divisor of 69 and 131951?
23
What is the greatest common factor of 384 and 6366?
6
What is the highest common factor of 656419 and 309?
103
What is the highest common divisor of 133105 and 3745?
35
What is the greatest common factor of 39 and 49400?
13
Calculate the highest common divisor of 29706 and 672.
6
Calculate the greatest common factor of 6816 and 1956.
12
Calculate the highest common divisor of 2101 and 9359.
191
Calculate the highest common divisor of 896489 and 155.
31
What is the greatest common factor of 3562 and 47402?
274
What is the greatest common factor of 10209 and 4674?
123
What is the highest common factor of 84 and 9318?
6
What is the highest common factor of 48 and 1613688?
24
Calculate the greatest common factor of 287 and 119322.
7
What is the greatest common divisor of 80 and 570940?
20
Calculate the greatest common divisor of 29392 and 550.
22
Calculate the highest common divisor of 4 and 40756.
4
What is the highest common divisor of 2121 and 393?
3
Calculate the greatest common divisor of 689 and 884.
13
What is the highest common divisor of 1641646 and 2630?
526
What is the greatest common factor of 22080 and 6?
6
Calculate the highest common factor of 30590 and 57190.
1330
What is the highest common divisor of 1224 and 1422?
18
Calculate the highest common divisor of 6642 and 5184.
162
What is the greatest common factor of 80 and 1225040?
80
Calculate the greatest common factor of 6080 and 209.
19
Calculate the greatest common divisor of 4183 and 4272.
89
What is the greatest common divisor of 630 and 186?
6
Calculate the greatest common divisor of 532 and 7798.
14
What is the greatest common factor of 80416 and 616?
56
What is the greatest common factor of 3213 and 693?
63
What is the greatest common factor of 10032 